{"id":34,"date":"2016-12-10T10:35:34","date_gmt":"2016-12-10T10:35:34","guid":{"rendered":"http:\/\/www.helenagonzalezperucho.com.es\/?page_id=34"},"modified":"2017-02-01T12:19:49","modified_gmt":"2017-02-01T12:19:49","slug":"libertad","status":"publish","type":"page","link":"http:\/\/www.helenagonzalezperucho.com.es\/es\/libertad\/","title":{"rendered":"LIBERTAD"},"content":{"rendered":"<p>Estamos a mediados de septiembre, hoy en Cabdella hace un d\u00eda esplendido de temperatura suave, anoche llovi\u00f3 y en la cumbre del Montsent \u2013La formidable monta\u00f1a de casi 3000 metros de altitud- a\u00fan queda niebla, pero el sol sonr\u00ede al paisaje, el aire y la hierba desprenden un perfume delicioso y por todos los lugares se escucha el canto de los p\u00e1jaros. Yo, siento dentro de m\u00ed, una dulce libertad\u2026<\/p>\n<p>&nbsp;<\/p>\n<p>Pocas cosas me causan tanta alegr\u00eda como la atrayente mirada a la naturaleza. Todo es esencia.<\/p>\n<p>&nbsp;<\/p>\n<p>Tengo una ventana al este. Delante de ella pasean las cuatro estaciones, exhibiendo cada una un paisaje fabuloso y diferente como si de una competici\u00f3n se tratara. Desde esta atalaya, puedo contemplar como nace la luna llena en la cima de una monta\u00f1a alt\u00edsima, mientras se escucha el susurro continuo del Flamisell, \u2013uno de los tres r\u00edos que abrazan Cabdella-. En oto\u00f1o, la visi\u00f3n que ofrece el bosque es entra\u00f1able, con un escenario de colores bell\u00edsimos que hubiese inspirado al mismo Walt Whitman en <em>Hojas de hierba<\/em> y que a m\u00ed, me enamora. Y que puedo contar del blanco diamantino de la nieve en las noches estrelladas de invierno\u2026 O de cuando siento un estremecimiento delante del espect\u00e1culo enfurecedor causado por la presencia del Torb y el ruido que acompa\u00f1a a este fuert\u00edsimo viento del norte\u2026 Todo parece sacado de un cuento de hadas.<\/p>\n<p>&nbsp;<\/p>\n<p>Un fen\u00f3meno muy bonito, fu\u00e9 cuando una vez nevaba y el sol se abri\u00f3 paso entre un resquicio y la combinaci\u00f3n de sol y nieve origin\u00f3 arco\u00edris m\u00faltiples, transformando la atmosfera como si fuera purpurina de colores, y yo hechizada me sent\u00eda como <em>Alicia en el pa\u00eds de las maravillas<\/em>.<\/p>\n<p>&nbsp;<\/p>\n<p>Observo a Rus -nuestro setter ingl\u00e9s- que corretea contento por los prados en busca de alguna cosa, y a m\u00ed me vuelve aquel agradable sentimiento de libertad.<\/p>\n","protected":false},"excerpt":{"rendered":"<p>Estamos a mediados de septiembre, hoy en Cabdella hace un d\u00eda esplendido de temperatura suave, anoche llovi\u00f3 y en la cumbre del Montsent \u2013La formidable monta\u00f1a de casi 3000 metros de altitud- a\u00fan queda niebla, pero el sol sonr\u00ede al paisaje, el aire y la hierba desprenden un perfume delicioso y por todos los lugares [&hellip;]<\/p>\n","protected":false},"author":1,"featured_media":0,"parent":0,"menu_order":0,"comment_status":"closed","ping_status":"closed","template":"","meta":{"footnotes":""},"class_list":["post-34","page","type-page","status-publish","hentry"],"_links":{"self":[{"href":"http:\/\/www.helenagonzalezperucho.com.es\/es\/wp-json\/wp\/v2\/pages\/34","targetHints":{"allow":["GET"]}}],"collection":[{"href":"http:\/\/www.helenagonzalezperucho.com.es\/es\/wp-json\/wp\/v2\/pages"}],"about":[{"href":"http:\/\/www.helenagonzalezperucho.com.es\/es\/wp-json\/wp\/v2\/types\/page"}],"author":[{"embeddable":true,"href":"http:\/\/www.helenagonzalezperucho.com.es\/es\/wp-json\/wp\/v2\/users\/1"}],"replies":[{"embeddable":true,"href":"http:\/\/www.helenagonzalezperucho.com.es\/es\/wp-json\/wp\/v2\/comments?post=34"}],"version-history":[{"count":5,"href":"http:\/\/www.helenagonzalezperucho.com.es\/es\/wp-json\/wp\/v2\/pages\/34\/revisions"}],"predecessor-version":[{"id":338,"href":"http:\/\/www.helenagonzalezperucho.com.es\/es\/wp-json\/wp\/v2\/pages\/34\/revisions\/338"}],"wp:attachment":[{"href":"http:\/\/www.helenagonzalezperucho.com.es\/es\/wp-json\/wp\/v2\/media?parent=34"}],"curies":[{"name":"wp","href":"https:\/\/api.w.org\/{rel}","templated":true}]}}

<p>Estamos a mediados de septiembre, hoy en Cabdella hace un día esplendido de temperatura suave, anoche llovió y en la cumbre del Montsent –La formidable montaña de casi 3000 metros de altitud- aún queda niebla, pero el sol sonríe al paisaje, el aire y la hierba desprenden un perfume delicioso y por todos los lugares se escucha el canto de los pájaros. Yo, siento dentro de mí, una dulce libertad…</p>
<p>&nbsp;</p>
<p>Pocas cosas me causan tanta alegría como la atrayente mirada a la naturaleza. Todo es esencia.</p>
<p>&nbsp;</p>
<p>Tengo una ventana al este. Delante de ella pasean las cuatro estaciones, exhibiendo cada una un paisaje fabuloso y diferente como si de una competición se tratara. Desde esta atalaya, puedo contemplar como nace la luna llena en la cima de una montaña altísima, mientras se escucha el susurro continuo del Flamisell, –uno de los tres ríos que abrazan Cabdella-. En otoño, la visión que ofrece el bosque es entrañable, con un escenario de colores bellísimos que hubiese inspirado al mismo Walt Whitman en <em>Hojas de hierba</em> y que a mí, me enamora. Y que puedo contar del blanco diamantino de la nieve en las noches estrelladas de invierno… O de cuando siento un estremecimiento delante del espectáculo enfurecedor causado por la presencia del Torb y el ruido que acompaña a este fuertísimo viento del norte… Todo parece sacado de un cuento de hadas.</p>
<p>&nbsp;</p>
<p>Un fenómeno muy bonito, fué cuando una vez nevaba y el sol se abrió paso entre un resquicio y la combinación de sol y nieve originó arcoíris múltiples, transformando la atmosfera como si fuera purpurina de colores, y yo hechizada me sentía como <em>Alicia en el país de las maravillas</em>.</p>
<p>&nbsp;</p>
<p>Observo a Rus -nuestro setter inglés- que corretea contento por los prados en busca de alguna cosa, y a mí me vuelve aquel agradable sentimiento de libertad.</p>

<p>Estamos a mediados de septiembre, hoy en Cabdella hace un día esplendido de temperatura suave, anoche llovió y en la cumbre del Montsent –La formidable montaña de casi 3000 metros de altitud- aún queda niebla, pero el sol sonríe al paisaje, el aire y la hierba desprenden un perfume delicioso y por todos los lugares [&hellip;]</p>
