{"id":28,"date":"2016-12-10T10:02:48","date_gmt":"2016-12-10T10:02:48","guid":{"rendered":"http:\/\/www.helenagonzalezperucho.com.es\/?page_id=28"},"modified":"2017-09-19T07:35:58","modified_gmt":"2017-09-19T07:35:58","slug":"quien-soy","status":"publish","type":"page","link":"http:\/\/www.helenagonzalezperucho.com.es\/es\/","title":{"rendered":"ORIGEN"},"content":{"rendered":"<p>Nac\u00ed en un d\u00eda nevado de diciembre en la Vall de Bo\u00ed junto al Parque Nacional d&#8217;Aig\u00fcestortes i Estany de Sant Maurici, un lugar precioso. Pero vivo desde peque\u00f1a en una localidad pr\u00f3xima a Barcelona.<\/p>\n<p>&nbsp;<\/p>\n<p>Mi padre, es natural de Galicia, una tierra dulce y verde, de bosques con bruma y costas magn\u00edficas, surcada de rios y aldeas. Galicia es tierra de m\u00fasica y caminos estelados que con palabras de Rosal\u00eda de Castro, \u00ab\u00e9 sempre un xard\u00edn\u00bb.<\/p>\n<p>&nbsp;<\/p>\n<p>Mi madre, naci\u00f3 en Cabdella &#8211; La Vall Fosca, en los Pirineos, entre monta\u00f1as cubiertas de nieve, con lagos, rios, iglesias rom\u00e1nicas&#8230; y en donde se puede escuchar el silencio. Un encanto.<\/p>\n<p>&nbsp;<\/p>\n<p>Con mis origenes, no resultar\u00e1 extra\u00f1o, que respete y valore mucho la naturaleza. Valores estos, compartidos ahora con mis hijos \u2013 he de a\u00f1adir, que siento tristeza de formar parte de un pa\u00eds, que en nombre de las tradiciones se maltrata tanto a los animales. Eso, lamentablemente dice mucho de su cultura -.<\/p>\n<p>&nbsp;<\/p>\n<p>Cabdella es mi refugio, un lugar que me fortalece, sus valles llenos de belleza, con agua fresca y clara, sus paisajes abruptos unas veces, dulces otras, me sacian los sentidos. Son muy bonitas las estaciones, especialmente oto\u00f1o, con su festival de colores. Tambi\u00e9n adoro su gente franca y aut\u00e9ntica, alguna de ella, bendecida incluso, con un toque de genialidad.<\/p>\n<p>&nbsp;<\/p>\n<p>Guardo de este lugar, recuerdos inolvidables, de unos veranos despreocupados y felices. Pienso en pap\u00e1, pescando truchas para la cena, en mam\u00e1 preparando mermelada de frambuesa. Y yo,&#8230; despertando a la vida. Pero de eso, hace ya un tiempo&#8230;<\/p>\n","protected":false},"excerpt":{"rendered":"<p>Nac\u00ed en un d\u00eda nevado de diciembre en la Vall de Bo\u00ed junto al Parque Nacional d&#8217;Aig\u00fcestortes i Estany de Sant Maurici, un lugar precioso. Pero vivo desde peque\u00f1a en una localidad pr\u00f3xima a Barcelona. &nbsp; Mi padre, es natural de Galicia, una tierra dulce y verde, de bosques con bruma y costas magn\u00edficas, surcada [&hellip;]<\/p>\n","protected":false},"author":1,"featured_media":0,"parent":0,"menu_order":0,"comment_status":"closed","ping_status":"closed","template":"","meta":{"footnotes":""},"class_list":["post-28","page","type-page","status-publish","hentry"],"_links":{"self":[{"href":"http:\/\/www.helenagonzalezperucho.com.es\/es\/wp-json\/wp\/v2\/pages\/28","targetHints":{"allow":["GET"]}}],"collection":[{"href":"http:\/\/www.helenagonzalezperucho.com.es\/es\/wp-json\/wp\/v2\/pages"}],"about":[{"href":"http:\/\/www.helenagonzalezperucho.com.es\/es\/wp-json\/wp\/v2\/types\/page"}],"author":[{"embeddable":true,"href":"http:\/\/www.helenagonzalezperucho.com.es\/es\/wp-json\/wp\/v2\/users\/1"}],"replies":[{"embeddable":true,"href":"http:\/\/www.helenagonzalezperucho.com.es\/es\/wp-json\/wp\/v2\/comments?post=28"}],"version-history":[{"count":23,"href":"http:\/\/www.helenagonzalezperucho.com.es\/es\/wp-json\/wp\/v2\/pages\/28\/revisions"}],"predecessor-version":[{"id":358,"href":"http:\/\/www.helenagonzalezperucho.com.es\/es\/wp-json\/wp\/v2\/pages\/28\/revisions\/358"}],"wp:attachment":[{"href":"http:\/\/www.helenagonzalezperucho.com.es\/es\/wp-json\/wp\/v2\/media?parent=28"}],"curies":[{"name":"wp","href":"https:\/\/api.w.org\/{rel}","templated":true}]}}

<p>Nací en un día nevado de diciembre en la Vall de Boí junto al Parque Nacional d&#8217;Aigüestortes i Estany de Sant Maurici, un lugar precioso. Pero vivo desde pequeña en una localidad próxima a Barcelona.</p>
<p>&nbsp;</p>
<p>Mi padre, es natural de Galicia, una tierra dulce y verde, de bosques con bruma y costas magníficas, surcada de rios y aldeas. Galicia es tierra de música y caminos estelados que con palabras de Rosalía de Castro, «é sempre un xardín».</p>
<p>&nbsp;</p>
<p>Mi madre, nació en Cabdella &#8211; La Vall Fosca, en los Pirineos, entre montañas cubiertas de nieve, con lagos, rios, iglesias románicas&#8230; y en donde se puede escuchar el silencio. Un encanto.</p>
<p>&nbsp;</p>
<p>Con mis origenes, no resultará extraño, que respete y valore mucho la naturaleza. Valores estos, compartidos ahora con mis hijos – he de añadir, que siento tristeza de formar parte de un país, que en nombre de las tradiciones se maltrata tanto a los animales. Eso, lamentablemente dice mucho de su cultura -.</p>
<p>&nbsp;</p>
<p>Cabdella es mi refugio, un lugar que me fortalece, sus valles llenos de belleza, con agua fresca y clara, sus paisajes abruptos unas veces, dulces otras, me sacian los sentidos. Son muy bonitas las estaciones, especialmente otoño, con su festival de colores. También adoro su gente franca y auténtica, alguna de ella, bendecida incluso, con un toque de genialidad.</p>
<p>&nbsp;</p>
<p>Guardo de este lugar, recuerdos inolvidables, de unos veranos despreocupados y felices. Pienso en papá, pescando truchas para la cena, en mamá preparando mermelada de frambuesa. Y yo,&#8230; despertando a la vida. Pero de eso, hace ya un tiempo&#8230;</p>

<p>Nací en un día nevado de diciembre en la Vall de Boí junto al Parque Nacional d&#8217;Aigüestortes i Estany de Sant Maurici, un lugar precioso. Pero vivo desde pequeña en una localidad próxima a Barcelona. &nbsp; Mi padre, es natural de Galicia, una tierra dulce y verde, de bosques con bruma y costas magníficas, surcada [&hellip;]</p>
